- 21*y**2 - 4*y - 8. Let s(b) = -4*d(b) + 9*v(b). Calculate s(-6).
8
Let g(f) be the second derivative of f**3/2 + f**2 + 14*f. Calculate g(2).
8
Suppose 4*y - z - 31 = 0, 0 = 2*y - 4*z - 28 + 2. Suppose 3 = -k + y. Let u(f) be the second derivative of f**3/6 - 2*f**2 - f. Give u(k).
0
Suppose -5*o + 6 = -6*o. Let p be (4 - 3)/(2/o). Let w = 3 + p. Let d(r) = r**3 - r**2 - r - 5. What is d(w)?
-5
Let o = 11 - 19. Let z = 9 + o. Let h be (0/(0 + -2))/z. Let y(x) = -x**3 + x - 6. Determine y(h).
-6
Let v(w) = w**2 - 3. Let a = -38 - -38. Calculate v(a).
-3
Let d be 1*12/(-10)*(-50)/(-20). Let l(w) = -5*w. Give l(d).
15
Let u(v) = -3 - v + 5*v + 4. Let q be (-6)/1*(-4)/(-8). What is u(q)?
-11
Suppose -2*r = r + 5*h + 25, 0 = 3*r + 4*h + 20. Let t = r - -4. Let j(u) = u**3 - 3*u**2 - 5*u + 6. Determine j(t).
2
Let v(n) = -n**3 - 3*n**2 + 4*n + 1. Let m be v(-4). Let k(u) = -2 + 5*u - 2 + 5. Let p(z) = -21*z - 4. Let y(c) = -9*k(c) - 2*p(c). Calculate y(m).
-4
Let r = -33 - -38. Let w(o) = -o - 5. What is w(r)?
-10
Let s(b) = -b. Suppose -5*d = -19 + 4. What is s(d)?
-3
Let z = -31 + 37. Let a(h) = 2*h. Give a(z).
12
Let u(l) = -l - 2. Let s(m) = m**2 - 4*m. Let r be s(4). Let o be u(r). Let g(v) = 3 - 3*v - 1 + 2*v. Determine g(o).
4
Let i(p) = 0*p**2 - 4*p**2 - 4 + 3*p + 2 + 2*p**2. Let h be i(2). Let f(k) = k**3 + 4*k**2 + 3*k + 5. What is f(h)?
-7
Let d(j) be the first derivative of -1/2*j**2 + 2 + 0*j. Suppose -5*p + 11 = 1. Give d(p).
-2
Let j(h) be the first derivative of h**7/840 - h**6/360 - h**5/30 + h**4/8 - 2*h**3/3 + 4. Let i(b) be the third derivative of j(b). Determine i(2).
-1
Let g(f) be the second derivative of f**5/20 - f**4/3 - f**3/3 - 3*f**2/2 + 16*f. What is g(4)?
-11
Let r(v) = 2*v**2 - 3*v - 3. Let o be 15/4 + 8/32. What is r(o)?
17
Let r = 49 - 46. Let y(m) = m**3 - 4*m**2 + 4*m + 1. Calculate y(r).
4
Let l be 1*((5 - -2) + 0). Let c(p) = -p**3 + 6*p**2 + 7*p + 2. Let n be c(l). Let m(d) = -1 + 2*d + n - 1. Determine m(-1).
-2
Let k(b) = b**3 - 3*b**2 + b - 2. Suppose 0 = r + 3*r - 12. Determine k(r).
1
Let a(x) = x**3 - 4*x**2 + 4*x - 3. Suppose -i - 2 = -0*i. Let m = i + 4. What is a(m)?
-3
Let p(d) be the second derivative of -d**7/840 - 7*d**6/360 + d**5/120 + 7*d**4/24 - 2*d**3/3 - 2*d. Let u(n) be the second derivative of p(n). What is u(-7)?
0
Let q(b) = 4*b**3 - 3*b - 6*b + 6*b + 6 - 3*b**3 - 6*b**2. Determine q(6).
-12
Let y(f) = -8*f - 4. Let b(w) = -7*w - 5. Let a(p) = -7*b(p) + 6*y(p). Let g = 46 - 46. What is a(g)?
11
Let k(n) = -2*n + 36. Let x(c) = -4. Let i(b) = -k(b) - 10*x(b). Let u(r) = 2*r - 2. Let v be u(3). Let y be 10/v*(-6)/(-5). What is i(y)?
10
Let o(g) be the third derivative of 1/6*g**3 + 0 + 5*g**2 + 0*g - 7/30*g**5 + 1/12*g**4. Calculate o(-1).
-15
Let k(r) = 9*r**3 - 4*r**2 - 6*r + 11. Let j(t) = 5*t**3 - 2*t**2 - 3*t + 6. Let s(o) = -7*j(o) + 4*k(o). Determine s(3).
2
Suppose 23 = 4*z - 3*f, f = 4*z - 0*z - 13. Let y be (-3)/6*2 - z. Let c(u) be the second derivative of -u**5/20 - u**4/6 + u**3/3 - u**2/2 + u. What is c(y)?
2
Let w be (0 - -3)/(12 + -11). Let y(c) = -c**2 + 5*c. What is y(w)?
6
Let p = 9 + -7. Let w(z) = z**3 - z**2 + z + 1. Calculate w(p).
7
Let r(v) = -3*v**2 + 7*v**2 + 2*v - 2 + 1 + 2. Give r(-1).
3
Let k(i) = 3*i**2 + 8*i + 7. Let d(c) = -c**2 - 3*c - 2. Let v(h) = 8*d(h) + 3*k(h). What is v(-4)?
21
Let p = 106 + -104. Let r(l) = -13*l + 1. Determine r(p).
-25
Let j(d) = d**3 - 2*d**2 + 2*d - 1. Suppose -2*s + 22 = f + 3*s, 3*f + s - 24 = 0. Let m be f/(-42) + 26/12. What is j(m)?
3
Suppose -4*x + 30 = -z - 1, -4*z - 25 = -5*x. Let v(j) = j - 10. What is v(x)?
-1
Let i(x) be the third derivative of x**5/60 - x**4/3 + 5*x**3/3 - 7*x**2. Give i(7).
3
Let h be -6 + 13 + (-1 - 0). Let n(f) = h + 1 + 3*f - 2*f. Suppose 0 = -2*s - 0*s + 5*d - 32, -2*d + 26 = -3*s. What is n(s)?
1
Suppose 2 = -m - 2. Let l(j) be the third derivative of 1/60*j**5 + 2*j**2 + 0*j + 0 + 1/3*j**3 + 1/4*j**4. What is l(m)?
-6
Let h(u) be the second derivative of u**5/20 + u**4/3 + 2*u**3/3 + u**2 + 29*u. Give h(-2).
2
Let z = -3 - -3. Let w(a) = z*a - 10*a**3 - 5 + 4 + 2*a. Suppose -2 = 3*q - 5*i, 6 + 0 = 4*q + 2*i. Give w(q).
-9
Suppose -5*x + 25 = -2*w, -2*w - 47 = 4*x - 13. Let r be (-5)/(-2)*12/w. Let k(f) = 2 - 4 + 1 + 3*f. Give k(r).
-7
Let j(b) be the third derivative of -b**4/12 - 2*b**3/3 - 6*b**2. Calculate j(3).
-10
Let r(t) = -t + 2. Let c be 1/2*(-12 + 24). What is r(c)?
-4
Let l(x) = x**3 + 7*x**2 - 4*x + 26. Let v be l(-8). Let z(s) = -s**3 - 7*s**2 - 7*s - 8. Determine z(v).
-2
Let f(j) be the first derivative of -j**2/2 + 1. Let s be f(-2). Let k(q) = 5 - 3*q**2 + 6*q**s - 5. Determine k(1).
3
Let j(a) = -a**2 - 5*a - 4. Let z = -41 + 37. Determine j(z).
0
Suppose 2*w - 12 = -0. Let v(s) = -s**2 + 7*s - 4. Give v(w).
2
Suppose -3*g = 3*o - 45, 4*g + 2*o - 7*o - 69 = 0. Let c = 17 - g. Let t(z) = 5*z**2 + 2*z - 1. Determine t(c).
6
Let x = 9 - 7. Let g(o) = -o**3 + 2*o**2 + o + 1. Give g(x).
3
Suppose 3*f - 14 = 4*l, 3*f - 8 = -2*l + 3*l. Let z(y) = -2 + 2*y + 0*y**3 + y**3 - 4*y**2 + 2*y. Calculate z(f).
-2
Let a = -19 - -18. Let y(k) = -k**2 - 1. Let b(d) = -3*d**2 + 4*d. Let w(x) = a*b(x) - 3*y(x). Give w(2).
19
Let d(o) = o**2 - 4*o + 3. Let l = -35 + 39. What is d(l)?
3
Let d(j) = 3*j**2 - 3*j. Let o = -6 + 6. Suppose -5*a + a + 8 = o. Let r be a/4*2*2. Determine d(r).
6
Let x(u) = 3*u - 1. Let r(i) = 1 - 5 - 3*i + 2*i. Let s be r(-6). Calculate x(s).
5
Let i(t) be the third derivative of -t**6/120 + 11*t**5/60 - 5*t**4/12 + t**2. Let g be i(10). Suppose 4 = -4*x - g*x. Let m(f) = f**3 - f. Give m(x).
0
Let u(d) = 28*d - 48*d + 19*d. Calculate u(-5).
5
Let d(s) = s + 12. Let c(a) = a**2 - 7*a + 3. Let g be c(5). Give d(g).
5
Let m(x) = 3*x + 13*x - x**2 + 8 - 9*x. Determine m(7).
8
Suppose -2*t = 3*m - 7, 3*t - 4*t + 4*m = 24. Suppose 2*o - 4 = -4*u - o, 3*u - 4 = -2*o. Let w(s) = 3*s - u + 0*s**3 + 4*s**2 + s**3 - 2*s. Give w(t).
-8
Let y(t) = 2*t - 2. Suppose 4*i = z + 12, -z = i - 1 - 2. Let x = 7 + i. Suppose x + 0 = -5*w. Determine y(w).
-6
Let t = -2 - -4. Let u(i) = 0*i**2 + 2*i**2 - 6 + 4*i - i**t. Let m be (-1)/(-1) - 2*3. Calculate u(m).
-1
Let l(o) be the second derivative of o**4/6 - 5*o**3/6 - 3*o**2/2 - 6*o - 3. Calculate l(4).
9
Let d(o) = -3*o - 7. Let v(a) = 1. Let f(w) = -d(w) + 2*v(w). Calculate f(-6).
-9
Let y(v) = v**3 + 7*v**2 + 5*v + 3. Let o = 8 - 14. What is y(o)?
9
Let g(d) be the first derivative of -d**2/2 + 4*d - 17. Calculate g(-3).
7
Let p(t) = -2*t. Let w be p(7). Let l = -8 - w. Let f(i) = -2*i**2 + 10*i + 4. Let k(h) = h**2 - 5*h - 2. Let b(v) = -4*f(v) - 9*k(v). Determine b(l).
-4
Let x(i) = -17*i**2 + 4*i - 9. Let v(s) = -s**2 - s - 1. Let f(r) = -4*r**2 + 6*r. Let z(a) = -f(a) - 4*v(a). Let q(b) = -3*x(b) - 7*z(b). What is q(1)?
-4
Let y be 1/1*(0 + -2). Let z = y + 3. Let h(x) = 8*x**2 + 2*x - 1. Give h(z).
9
Let x(f) = -f + 6. Let a be x(6). Suppose a = 2*g - g - 2. Let c(r) = 8*r - 11. Let u(v) = -2*v + 3. Let o(p) = g*c(p) + 9*u(p). What is o(5)?
-5
Let k(u) = u**2 - 4. Suppose -22 + 10 = -t. Suppose 5*x + 2*p - 10 = 0, -5*x + 8 + t = 4*p. What is k(x)?
-4
Let x(r) = -4*r - 3. Suppose l = -l - 4. Let y be x(l). Suppose 5*h + 4*c = -33, y + 4 = -h - 2*c. Let g(k) = k + 8. Calculate g(h).
3
Let p(b) be the first derivative of -1/2*b**2 - 1 - 1/3*b**3 + 4*b. Give p(0).
4
Let k(d) = -d - 1. Let s be k(6). Let p be 1 + 2 + (s - -2). Let t(i) = -5*i. Determine t(p).
10
Let o(c) = 12*c**3 + 9*c**2 + 3*c. Let n(m) = 18*m**3 + 13*m**2 + 4*m. Let j(r) = -5*n(r) + 7*o(r). What is j(1)?
-7
Let p(j) = j**3 - 6*j**2 + 7*j - 6. Suppose -5*u + 2*u = 4*i - 28, -2*u = 2*i - 16. Give p(i).
-10
Suppose 0*n + 2*n = -6. Let d(b) be the second derivative of 0 + 1/6*b**3 - 3/2*b**2 + 2*b. Calculate d(n).
-6
Suppose 4*s - 3*s = 5*m - 16, -4 = -3*m + 2*s. Let k be (2/3)/((-3)/(-27)). Let a(i) = -6 - k*i + 2 + m. Determine a(1).
-6
Suppose 3*p + b + 12 = 6*p, 0 = -b - 3. Let k(d) = d**2 - 4*d - 2. What is k(p)?
-5
Let d(s) be the third derivative of s**8/20160 - s**7/5040 - s**6/180 + s**5/60 - 2*s**2. Let f(v) be the third derivative of d(v). What is f(-3)?
8
Let s be 2 - 3*16/4. Let m be (s/8)/(1/4). Let n(u) be the first derivative of -u**4/4 - 5*u**3/3 - 3*